{"id":36,"date":"2023-01-14T21:00:02","date_gmt":"2023-01-14T20:00:02","guid":{"rendered":"http:\/\/lemolletfute.fr\/lemolletfuteV2\/?page_id=36"},"modified":"2024-02-09T20:18:07","modified_gmt":"2024-02-09T19:18:07","slug":"a-propos-de-nous","status":"publish","type":"page","link":"https:\/\/lemolletfute.fr\/lemolletfuteV2\/?page_id=36","title":{"rendered":"\u00c0 propos de nous"},"content":{"rendered":"\t\t<div data-elementor-type=\"wp-page\" data-elementor-id=\"36\" class=\"elementor elementor-36\">\n\t\t\t\t\t\t<section class=\"elementor-section elementor-top-section elementor-element elementor-element-d9620a0 elementor-section-boxed elementor-section-height-default elementor-section-height-default\" data-id=\"d9620a0\" data-element_type=\"section\" data-e-type=\"section\">\n\t\t\t\t\t\t<div class=\"elementor-container elementor-column-gap-default\">\n\t\t\t\t\t<div class=\"elementor-column elementor-col-100 elementor-top-column elementor-element elementor-element-76110a8\" data-id=\"76110a8\" data-element_type=\"column\" data-e-type=\"column\">\n\t\t\t<div class=\"elementor-widget-wrap elementor-element-populated\">\n\t\t\t\t\t\t<div class=\"elementor-element elementor-element-bf010f7 elementor-widget elementor-widget-heading\" data-id=\"bf010f7\" data-element_type=\"widget\" data-e-type=\"widget\" data-widget_type=\"heading.default\">\n\t\t\t\t<div class=\"elementor-widget-container\">\n\t\t\t\t\t<h2 class=\"elementor-heading-title elementor-size-default\">Qui sommes nous et comment nous contacter?<\/h2>\t\t\t\t<\/div>\n\t\t\t\t<\/div>\n\t\t\t\t<div class=\"elementor-element elementor-element-98f0c4a elementor-widget elementor-widget-text-editor\" data-id=\"98f0c4a\" data-element_type=\"widget\" data-e-type=\"widget\" data-widget_type=\"text-editor.default\">\n\t\t\t\t<div class=\"elementor-widget-container\">\n\t\t\t\t\t\t\t\t\t<p>Notre club <strong>Le V\u00e9lo Club le Mollet Fut\u00e9<\/strong> fut cr\u00e9\u00e9 en 1994 par un groupe d&rsquo;ami soud\u00e9s.<\/p>\n<p>Notre association a pour objet d&rsquo;encourager le d\u00e9veloppement de l&rsquo;activit\u00e9 sportive et de loisirs sur la commune de Magny-les-Hameaux et sa p\u00e9riph\u00e9rie.<\/p>\n<p>Le samedi apr\u00e8s midi a lieu l&rsquo;\u00e9cole VTT pour les jeunes de 9 ans \u00e0 18 ans ( hors vacances scolaire) de 13h45 \u00e0 17h<\/p>\n<p>Pour les adultes, les sorties se font le dimanche matin et 2 groupes possibles pour contenter tout le monde :<\/p>\n<ul>\n<li style=\"list-style-type: none;\">\n<ul>\n<li>\u00e0 8h30 pour le groupe des \u00ab\u00a0Mollets \u00e9nerv\u00e9s\u00a0\u00bb, groupe pr\u00e9f\u00e9rant les parcours alliant distance et difficult\u00e9\u00a0<\/li>\n<li>\u00e0 9h15 pour le groupe des \u00ab\u00a0Mollets peinards\u00a0\u00bb, groupe privil\u00e9giant les parcours ludiques avec une distance et une difficult\u00e9 mod\u00e9r\u00e9e<\/li>\n<\/ul>\n<\/li>\n<\/ul>\n<p>toujours devant le gymnase Chantal Mauduit :<\/p>\t\t\t\t\t\t\t\t<\/div>\n\t\t\t\t<\/div>\n\t\t\t\t<div class=\"elementor-element elementor-element-a7bf5eb elementor-widget elementor-widget-google_maps\" data-id=\"a7bf5eb\" data-element_type=\"widget\" data-e-type=\"widget\" data-widget_type=\"google_maps.default\">\n\t\t\t\t<div class=\"elementor-widget-container\">\n\t\t\t\t\t\t\t<div class=\"elementor-custom-embed\">\n\t\t\t<iframe loading=\"lazy\"\n\t\t\t\t\tsrc=\"https:\/\/maps.google.com\/maps?q=gymnase%20chantal%20mauduit%2078114%20magny%20les%20hameaux&#038;t=m&#038;z=15&#038;output=embed&#038;iwloc=near\"\n\t\t\t\t\ttitle=\"gymnase chantal mauduit 78114 magny les hameaux\"\n\t\t\t\t\taria-label=\"gymnase chantal mauduit 78114 magny les hameaux\"\n\t\t\t><\/iframe>\n\t\t<\/div>\n\t\t\t\t\t\t<\/div>\n\t\t\t\t<\/div>\n\t\t\t\t\t<\/div>\n\t\t<\/div>\n\t\t\t\t\t<\/div>\n\t\t<\/section>\n\t\t\t\t<section class=\"elementor-section elementor-top-section elementor-element elementor-element-3a8e6dd elementor-section-boxed elementor-section-height-default elementor-section-height-default\" data-id=\"3a8e6dd\" data-element_type=\"section\" data-e-type=\"section\">\n\t\t\t\t\t\t<div class=\"elementor-container elementor-column-gap-default\">\n\t\t\t\t\t<div class=\"elementor-column elementor-col-100 elementor-top-column elementor-element elementor-element-6fcbe62\" data-id=\"6fcbe62\" data-element_type=\"column\" data-e-type=\"column\">\n\t\t\t<div class=\"elementor-widget-wrap elementor-element-populated\">\n\t\t\t\t\t\t<div class=\"elementor-element elementor-element-a94b05c elementor-widget elementor-widget-spacer\" data-id=\"a94b05c\" data-element_type=\"widget\" data-e-type=\"widget\" data-widget_type=\"spacer.default\">\n\t\t\t\t<div class=\"elementor-widget-container\">\n\t\t\t\t\t\t\t<div class=\"elementor-spacer\">\n\t\t\t<div class=\"elementor-spacer-inner\"><\/div>\n\t\t<\/div>\n\t\t\t\t\t\t<\/div>\n\t\t\t\t<\/div>\n\t\t\t\t\t<\/div>\n\t\t<\/div>\n\t\t\t\t\t<\/div>\n\t\t<\/section>\n\t\t\t\t<section class=\"elementor-section elementor-top-section elementor-element elementor-element-1d2e4c9 elementor-section-boxed elementor-section-height-default elementor-section-height-default\" data-id=\"1d2e4c9\" data-element_type=\"section\" data-e-type=\"section\">\n\t\t\t\t\t\t<div class=\"elementor-container elementor-column-gap-default\">\n\t\t\t\t\t<div class=\"elementor-column elementor-col-100 elementor-top-column elementor-element elementor-element-4100082\" data-id=\"4100082\" data-element_type=\"column\" data-e-type=\"column\">\n\t\t\t<div class=\"elementor-widget-wrap elementor-element-populated\">\n\t\t\t\t\t\t<div class=\"elementor-element elementor-element-4bfa4da elementor-widget elementor-widget-heading\" data-id=\"4bfa4da\" data-element_type=\"widget\" data-e-type=\"widget\" data-widget_type=\"heading.default\">\n\t\t\t\t<div class=\"elementor-widget-container\">\n\t\t\t\t\t<h2 class=\"elementor-heading-title elementor-size-default\">Notre identit\u00e9 visuelle<\/h2>\t\t\t\t<\/div>\n\t\t\t\t<\/div>\n\t\t\t\t<div class=\"elementor-element elementor-element-2fb1393 elementor-widget elementor-widget-text-editor\" data-id=\"2fb1393\" data-element_type=\"widget\" data-e-type=\"widget\" data-widget_type=\"text-editor.default\">\n\t\t\t\t<div class=\"elementor-widget-container\">\n\t\t\t\t\t\t\t\t\t<p>Depuis 2023, le Mollet Fut\u00e9 a fait \u00e9voluer son identit\u00e9 visuelle.<br \/>Vous nous reconnaitrez d\u00e9sormais avec le nouveau design des maillots ci-dessous :<br \/><img fetchpriority=\"high\" decoding=\"async\" class=\"alignleft wp-image-716\" src=\"http:\/\/lemolletfute.fr\/lemolletfuteV2\/wp-content\/uploads\/2024\/02\/Maillot_Manches_Longues-300x212.jpg\" alt=\"\" width=\"300\" height=\"212\" srcset=\"https:\/\/lemolletfute.fr\/lemolletfuteV2\/wp-content\/uploads\/2024\/02\/Maillot_Manches_Longues-300x212.jpg 300w, https:\/\/lemolletfute.fr\/lemolletfuteV2\/wp-content\/uploads\/2024\/02\/Maillot_Manches_Longues-1024x724.jpg 1024w, https:\/\/lemolletfute.fr\/lemolletfuteV2\/wp-content\/uploads\/2024\/02\/Maillot_Manches_Longues-768x543.jpg 768w, https:\/\/lemolletfute.fr\/lemolletfuteV2\/wp-content\/uploads\/2024\/02\/Maillot_Manches_Longues-1536x1086.jpg 1536w, https:\/\/lemolletfute.fr\/lemolletfuteV2\/wp-content\/uploads\/2024\/02\/Maillot_Manches_Longues-2048x1448.jpg 2048w\" sizes=\"(max-width: 300px) 100vw, 300px\" \/><img decoding=\"async\" class=\"alignleft wp-image-715\" src=\"http:\/\/lemolletfute.fr\/lemolletfuteV2\/wp-content\/uploads\/2024\/02\/Maillot_Manches_Courtes-300x212.jpg\" alt=\"\" width=\"300\" height=\"212\" srcset=\"https:\/\/lemolletfute.fr\/lemolletfuteV2\/wp-content\/uploads\/2024\/02\/Maillot_Manches_Courtes-300x212.jpg 300w, https:\/\/lemolletfute.fr\/lemolletfuteV2\/wp-content\/uploads\/2024\/02\/Maillot_Manches_Courtes-1024x724.jpg 1024w, https:\/\/lemolletfute.fr\/lemolletfuteV2\/wp-content\/uploads\/2024\/02\/Maillot_Manches_Courtes-768x543.jpg 768w, https:\/\/lemolletfute.fr\/lemolletfuteV2\/wp-content\/uploads\/2024\/02\/Maillot_Manches_Courtes-1536x1086.jpg 1536w, https:\/\/lemolletfute.fr\/lemolletfuteV2\/wp-content\/uploads\/2024\/02\/Maillot_Manches_Courtes-2048x1448.jpg 2048w\" sizes=\"(max-width: 300px) 100vw, 300px\" \/><img decoding=\"async\" class=\"alignleft wp-image-717\" src=\"http:\/\/lemolletfute.fr\/lemolletfuteV2\/wp-content\/uploads\/2024\/02\/T-shirt--300x167.jpg\" alt=\"\" width=\"300\" height=\"167\" srcset=\"https:\/\/lemolletfute.fr\/lemolletfuteV2\/wp-content\/uploads\/2024\/02\/T-shirt--300x167.jpg 300w, https:\/\/lemolletfute.fr\/lemolletfuteV2\/wp-content\/uploads\/2024\/02\/T-shirt-.jpg 506w\" sizes=\"(max-width: 300px) 100vw, 300px\" \/><\/p>\t\t\t\t\t\t\t\t<\/div>\n\t\t\t\t<\/div>\n\t\t\t\t\t<\/div>\n\t\t<\/div>\n\t\t\t\t\t<\/div>\n\t\t<\/section>\n\t\t\t\t<\/div>\n\t\t","protected":false},"excerpt":{"rendered":"<p>Qui sommes nous et comment nous contacter? Notre club Le V\u00e9lo Club le Mollet Fut\u00e9 fut cr\u00e9\u00e9 en 1994 par un groupe d&rsquo;ami soud\u00e9s. Notre association a pour objet d&rsquo;encourager le d\u00e9veloppement de l&rsquo;activit\u00e9 sportive et de loisirs sur la commune de Magny-les-Hameaux et sa p\u00e9riph\u00e9rie. Le samedi apr\u00e8s midi a lieu l&rsquo;\u00e9cole VTT pour [&hellip;]<\/p>\n","protected":false},"author":1,"featured_media":0,"parent":0,"menu_order":0,"comment_status":"closed","ping_status":"closed","template":"","meta":{"ocean_post_layout":"","ocean_both_sidebars_style":"","ocean_both_sidebars_content_width":0,"ocean_both_sidebars_sidebars_width":0,"ocean_sidebar":"0","ocean_second_sidebar":"0","ocean_disable_margins":"enable","ocean_add_body_class":"","ocean_shortcode_before_top_bar":"","ocean_shortcode_after_top_bar":"","ocean_shortcode_before_header":"","ocean_shortcode_after_header":"","ocean_has_shortcode":"","ocean_shortcode_after_title":"","ocean_shortcode_before_footer_widgets":"","ocean_shortcode_after_footer_widgets":"","ocean_shortcode_before_footer_bottom":"","ocean_shortcode_after_footer_bottom":"","ocean_display_top_bar":"default","ocean_display_header":"default","ocean_header_style":"","ocean_center_header_left_menu":"0","ocean_custom_header_template":"0","ocean_custom_logo":0,"ocean_custom_retina_logo":0,"ocean_custom_logo_max_width":0,"ocean_custom_logo_tablet_max_width":0,"ocean_custom_logo_mobile_max_width":0,"ocean_custom_logo_max_height":0,"ocean_custom_logo_tablet_max_height":0,"ocean_custom_logo_mobile_max_height":0,"ocean_header_custom_menu":"0","ocean_menu_typo_font_family":"0","ocean_menu_typo_font_subset":"","ocean_menu_typo_font_size":0,"ocean_menu_typo_font_size_tablet":0,"ocean_menu_typo_font_size_mobile":0,"ocean_menu_typo_font_size_unit":"px","ocean_menu_typo_font_weight":"","ocean_menu_typo_font_weight_tablet":"","ocean_menu_typo_font_weight_mobile":"","ocean_menu_typo_transform":"","ocean_menu_typo_transform_tablet":"","ocean_menu_typo_transform_mobile":"","ocean_menu_typo_line_height":0,"ocean_menu_typo_line_height_tablet":0,"ocean_menu_typo_line_height_mobile":0,"ocean_menu_typo_line_height_unit":"","ocean_menu_typo_spacing":0,"ocean_menu_typo_spacing_tablet":0,"ocean_menu_typo_spacing_mobile":0,"ocean_menu_typo_spacing_unit":"","ocean_menu_link_color":"","ocean_menu_link_color_hover":"","ocean_menu_link_color_active":"","ocean_menu_link_background":"","ocean_menu_link_hover_background":"","ocean_menu_link_active_background":"","ocean_menu_social_links_bg":"","ocean_menu_social_hover_links_bg":"","ocean_menu_social_links_color":"","ocean_menu_social_hover_links_color":"","ocean_disable_title":"default","ocean_disable_heading":"default","ocean_post_title":"","ocean_post_subheading":"","ocean_post_title_style":"","ocean_post_title_background_color":"","ocean_post_title_background":0,"ocean_post_title_bg_image_position":"","ocean_post_title_bg_image_attachment":"","ocean_post_title_bg_image_repeat":"","ocean_post_title_bg_image_size":"","ocean_post_title_height":0,"ocean_post_title_bg_overlay":0.5,"ocean_post_title_bg_overlay_color":"","ocean_disable_breadcrumbs":"default","ocean_breadcrumbs_color":"","ocean_breadcrumbs_separator_color":"","ocean_breadcrumbs_links_color":"","ocean_breadcrumbs_links_hover_color":"","ocean_display_footer_widgets":"default","ocean_display_footer_bottom":"default","ocean_custom_footer_template":"0","footnotes":""},"class_list":["post-36","page","type-page","status-publish","hentry","entry"],"_links":{"self":[{"href":"https:\/\/lemolletfute.fr\/lemolletfuteV2\/index.php?rest_route=\/wp\/v2\/pages\/36","targetHints":{"allow":["GET"]}}],"collection":[{"href":"https:\/\/lemolletfute.fr\/lemolletfuteV2\/index.php?rest_route=\/wp\/v2\/pages"}],"about":[{"href":"https:\/\/lemolletfute.fr\/lemolletfuteV2\/index.php?rest_route=\/wp\/v2\/types\/page"}],"author":[{"embeddable":true,"href":"https:\/\/lemolletfute.fr\/lemolletfuteV2\/index.php?rest_route=\/wp\/v2\/users\/1"}],"replies":[{"embeddable":true,"href":"https:\/\/lemolletfute.fr\/lemolletfuteV2\/index.php?rest_route=%2Fwp%2Fv2%2Fcomments&post=36"}],"version-history":[{"count":15,"href":"https:\/\/lemolletfute.fr\/lemolletfuteV2\/index.php?rest_route=\/wp\/v2\/pages\/36\/revisions"}],"predecessor-version":[{"id":723,"href":"https:\/\/lemolletfute.fr\/lemolletfuteV2\/index.php?rest_route=\/wp\/v2\/pages\/36\/revisions\/723"}],"wp:attachment":[{"href":"https:\/\/lemolletfute.fr\/lemolletfuteV2\/index.php?rest_route=%2Fwp%2Fv2%2Fmedia&parent=36"}],"curies":[{"name":"wp","href":"https:\/\/api.w.org\/{rel}","templated":true}]}}